 10 = 0. Let b(q) = 7*q**2 + 2*q + 1. What is the remainder when b(g) is divided by 7?
4
Suppose -a - 4*q + 37 = -2*q, -2*a = 5*q - 79. Suppose 3*z - 47 = b, 5*z - 60 = -b - b. What is the remainder when a is divided by z?
13
Let k = 115 + -71. Calculate the remainder when k is divided by 23.
21
Suppose -x + 189 = 14. Let n = -108 + x. Calculate the remainder when n is divided by 17.
16
Let g(o) = 11*o - 27. What is the remainder when g(10) is divided by 17?
15
Suppose -52 = -b + 38. Suppose -h = 4*h - b. What is the remainder when 33 is divided by h?
15
Suppose 2*d - 480 = -2*d. Let v = -83 + d. Calculate the remainder when v is divided by 20.
17
Let h = 23 + -10. Let c = -28 + h. Let j = c - -32. Calculate the remainder when 49 is divided by j.
15
Let f(i) = -i + 6 + 5*i - i. What is the remainder when f(6) is divided by 9?
6
What is the remainder when (-6 + 1)*-2*(-21)/(-15) is divided by 2?
0
Let w(m) be the third derivative of -m**6/120 - m**5/15 - m**4/12 + m**3/6 - 2*m**2. Calculate the remainder when w(-5) is divided by 13.
10
Let q(k) = -8*k - 9. Let v(t) = -7*t - 10. Let h(m) = -2*q(m) + 3*v(m). Let x = 37 + -1. Calculate the remainder when x is divided by h(-5).
10
Let r(h) = -h**2 + 6*h. Let d be r(4). Suppose -d = z - 0. Calculate the remainder when 25/(-4)*(z + 4) is divided by 9.
7
Suppose 6 = -2*o - 0*o. Let s = 28 - o. Suppose 4*g - 33 = g. What is the remainder when s is divided by g?
9
Suppose -4*k + 16 = -0*k. Suppose -k*i + 3 = -4*m - 1, -4*i = -m - 19. What is the remainder when 8 is divided by i?
2
Suppose -4*g + 44 = -3*x, 4*g = 5*g - x - 12. What is the remainder when (-29)/(1*(0 + -1)) is divided by g?
5
Let q = -18 + 25. Let t(h) = -7*h + 3. Let n be t(-3). Suppose 0 = 4*c - 24 - n. What is the remainder when c is divided by q?
5
Let u(s) = s**2 - 9*s + 13. What is the remainder when u(9) is divided by 8?
5
Suppose 25*c + c - 806 = 0. Let l = -29 - -40. Calculate the remainder when c is divided by l.
9
Suppose -5*l + 7*l = 100. Calculate the remainder when l is divided by 13.
11
Let a(r) = 3*r + 17. What is the remainder when a(0) is divided by 6?
5
Let y = 12 + 0. Calculate the remainder when 35 is divided by y.
11
Let i = -44 - -53. Let u(n) be the first derivative of -15*n**2/2 + n - 1. What is the remainder when u(-1) is divided by i?
7
Let k = -3 + 3. Suppose x - 5 + 2 = k. What is the remainder when ((-2)/4)/((-1)/16) is divided by x?
2
Suppose -3*q = -4*i - 24, 39 = 3*q - 4*i + 5*i. What is the remainder when 54 is divided by q?
6
Suppose -5 + 4 = f. Calculate the remainder when 28 is divided by 0 + (-15)/(f + 0).
13
Let c = 1 + 2. Let u = -16 - -21. Calculate the remainder when u is divided by c.
2
Let r = -39 + 25. Let m = r + 20. Suppose -8 = -b + m. What is the remainder when 40 is divided by b?
12
Suppose s + 76 = 5*s. Calculate the remainder when 73 is divided by s.
16
Let g = -124 - -132. What is the remainder when 12 is divided by g?
4
Let u(n) = 49*n. Let k(z) = -2*z - 11. Let j(v) = 6*v + 32. Let y(b) = 6*j(b) + 17*k(b). Calculate the remainder when u(1) is divided by y(6).
15
Let h(n) = n - 2. Let q be h(6). Suppose q*x + 15 - 47 = 0. Let w = -5 + x. What is the remainder when 6 is divided by w?
0
Suppose -5*m + 6 + 9 = 0. Suppose 5*o + 5*h = 65 + 5, m*o = -2*h + 46. What is the remainder when 52 is divided by o?
16
Let a = -41 - -60. Calculate the remainder when a is divided by 6.
1
Suppose 126 = i + 2*i. Calculate the remainder when i is divided by 11.
9
Let m = 29 - 8. Suppose -2*u - m = -5*u. What is the remainder when 12 is divided by u?
5
Let m(r) = -r**3 - 2*r**2 + 2*r + 3. Suppose 7 - 1 = -2*a. What is the remainder when 10 is divided by m(a)?
4
Let f(r) = 4*r**3 + 3*r**2 - 5*r - 2. Suppose 4*q + 3*l - 424 = 0, 4*q - 530 = -q - 4*l. What is the remainder when f(2) is divided by 4/10 - q/(-10)?
10
Let u(t) = -t**2 - 6*t. Let a be u(-5). Suppose p - 27 = -a*f, 4*p - 4*f - 58 = f. Let k = 19 + -10. Calculate the remainder when p is divided by k.
8
Suppose 0 = u + 2*u. Suppose u = 2*k - k + 3. Let y = k + 28. What is the remainder when y is divided by 9?
7
Suppose 2 - 7 = 5*d. Let n = d - -11. What is the remainder when n is divided by 3?
1
Suppose -14 = 2*n + 4*o, 3*n + 0*o + 6 = -3*o. Suppose 0 = n*u + q - 19, 10 = -0*q - 2*q. Suppose 0*g + u = g. Calculate the remainder when 14 is divided by g.
6
Suppose 3*g = y + 5, y = -2*g + 4*y - 6. Suppose 0 = g*i + 2*i - 60. What is the remainder when 46 is divided by i?
10
Let y = 7 + -3. Suppose -3*a - 2*a + 22 = -t, -5*t + 30 = 3*a. Calculate the remainder when y is divided by a + (-3)/(-6)*-6.
0
Suppose 3*f + 6*x = 3*x + 147, 3*x = 5*f - 221. Suppose 26 = c - 2*p, -5*p = 2*c - 3 - 4. Calculate the remainder when f is divided by c.
14
Suppose 4*o - 7*p - 46 = -5*p, 0 = 3*p + 3. Calculate the remainder when 41 is divided by o.
8
Let k = -29 - -56. Calculate the remainder when k is divided by 7.
6
Suppose 0 = -17*v + 11*v + 342. Calculate the remainder when v is divided by 8 + 3 - 1*-1.
9
Let r = -302 + 467. What is the remainder when r is divided by 56?
53
Calculate the remainder when 3 is divided by 88/28 - (-1)/(-7).
0
Suppose -9*f + 4 = -32. What is the remainder when f is divided by 3/1 + 0/1?
1
Suppose -3*o = -0*o - 231. What is the remainder when o is divided by 39?
38
Let n(x) = -43*x + 15. What is the remainder when n(-4) is divided by 21?
19
Suppose 3*h + 19 = 2*m, 5*h - 15 = -0. Let k(f) = f**3 - 7*f**2 + 8. What is the remainder when m is divided by k(7)?
6
Let i be (-8)/(-20) + (-46)/(-10). Suppose -2*w = -w - i. Let d = 19 - w. Calculate the remainder when 27 is divided by d.
13
Let s be (-99)/(-6)*2 - 2. Suppose s = 5*j + f - 13, -5*j + 48 = 2*f. What is the remainder when 14 is divided by j?
6
Let y = 62 - 10. Suppose 0 = -4*f + y. What is the remainder when 48 is divided by f?
9
Let s(a) = 3 - 2*a + 0 + 7*a. Calculate the remainder when s(7) is divided by 13.
12
Let l = -64 - -90. Suppose -5*g + 2*f = l, -f - 32 = g + 4*g. Let o = g - -8. What is the remainder when 6 is divided by o?
0
Suppose -42 = 5*g - 4*g. Let y = -1 - g. What is the remainder when y is divided by 22?
19
Let z(a) = 9*a - 4. Suppose 2*m - 2 - 1 = -3*o, 5*m = 5*o - 30. Calculate the remainder when z(o) is divided by 12.
11
Let h be 207/(-18) - 1/(-2). Let q = h - 8. Let w = 2 - q. Calculate the remainder when w is divided by 8.
5
Let c = -70 + 113. Suppose 3*y - 133 = 4*a, -a = -4*y + 2*a + 175. Suppose 32 + y = 5*t. Calculate the remainder when c is divided by t.
13
Let d = -5 + 13. Suppose 20 = 5*l - 15. Let t = 12 - l. Calculate the remainder when d is divided by t.
3
Suppose -5*s + 14 = -1. Suppose -2*b - 18 = 2*v, 0 = -s*b - 2 - 1. Let w = 13 - v. Calculate the remainder when w is divided by 11.
10
Let h(b) = b**2 + b + 43. Suppose -5*y = 3*m + 19 - 144, 63 = 4*y - 5*m. What is the remainder when h(0) is divided by y?
21
Suppose 2*y - 6*y + 8 = 0. Let u = 6 - y. What is the remainder when u is divided by 3?
1
Let d = 2 + 14. Suppose 275 = 8*w + 35. Calculate the remainder when w is divided by d.
14
Let f = 6 - 4. Suppose 3*i = 242 + 64. Suppose -i = -g - f*g. Calculate the remainder when g is divided by 12.
10
Suppose -3*s + 17 = 2. Let w be 23/5 + 2/s. Suppose -4*l = -w*l + 22. What is the remainder when l is divided by 12?
10
Let a = -65 - -154. Let g(t) = 11*t + 1. What is the remainder when a is divided by g(2)?
20
Suppose -3*v - 56 = -7*v. Calculate the remainder when 38 is divided by v.
10
What is the remainder when 36 is divided by (7/(-14))/(2/(-52))?
10
Let n = 5 - 2. Calculate the remainder when (-1 - n)*(-1 + 0) is divided by 2.
0
Let z = 13 + -2. Calculate the remainder when z is divided by 4.
3
Calculate the remainder when -3 + 244*(-4)/(-8) is divided by 30.
29
Let i be (-4)/(-8) - 30/(-4). Suppose i*p - 50 = 7*p. Calculate the remainder when p is divided by 13.
11
Suppose 3*g + 26 = -7. Let q(n) = n + 19. What is the remainder when 31 is divided by q(g)?
7
Let z = 1 - 1. Let s be (1 - 1) + 0 + z. Suppose s*h - 44 = -4*h. Calculate the remainder when h is divided by 4.
3
Let z(q) = 2*q + 5. What is the remainder when 52 is divided by z(3)?
8
Let b = -2 - -4. Let m = -5 - 1. Calculate the remainder when b is divided by m/9 + 10/6.
0
Let l be 18